actor of j and 72?
24
Let g(y) = 3*y - 1. Let i(d) = -16*d + 6. Let t(b) = 28*g(b) + 6*i(b). Let u be t(-10). Calculate the highest common factor of 16 and u.
16
Let m = 125 - 70. What is the greatest common divisor of m and 5?
5
Let q be 1 + 1 + (-3 - -3). Suppose q*c = 4*c - 4. Suppose 35*r - 38*r + 30 = 0. Calculate the highest common divisor of r and c.
2
Let s = 19 + 13. Calculate the greatest common factor of s and 4.
4
Suppose 0*z = 2*z + 4. Let f be 2/(4/z + 0). Let v be 82 + (f*2)/1. Calculate the greatest common divisor of v and 10.
10
Suppose 4*s + s = -610. Let h = 431 - 218. Let i = h + s. Calculate the highest common factor of 13 and i.
13
Let r(w) = 3*w + 7. Let o be r(7). Let g = -1 + o. Let s = -16 + g. Calculate the greatest common divisor of s and 77.
11
Let y = -1 + 4. Suppose -2*k - 2*h + 194 = 0, -2*k - y*h + 383 = 2*k. Calculate the highest common factor of 23 and k.
23
Let p = 38 - -28. What is the greatest common factor of 6 and p?
6
Suppose -3*r + 22 = -14. Let l(v) = -v**2 + 132. Let c = 1 + -1. Let d be l(c). What is the greatest common divisor of r and d?
12
Let w = 37 + 29. Let f(z) = 6*z**3 + 19*z - 54. Let u be f(3). Calculate the greatest common divisor of w and u.
33
Let o = 6 - 4. Suppose 0 = 3*k + o*k - 5. Let g(c) = 10*c**3 - 2*c**2 + 1. Let x be g(k). Calculate the highest common divisor of x and 81.
9
Let u(s) = s + 14. Let j be u(-9). Suppose 0 = 3*t + 2*o - 22, -29 = -3*t - 0*t + j*o. Suppose -8 - t = -4*w. What is the highest common factor of 28 and w?
4
Suppose -86 = -3*n + 40. Let z = 1 + 1. Suppose -2*y = -2*f + 116, -f - y - z*y + 78 = 0. What is the highest common factor of f and n?
21
Let t(h) be the first derivative of -h + 2 + 0*h**2 + 50/3*h**3. Let b be t(1). What is the greatest common factor of 7 and b?
7
Suppose -17 = -5*q + 18. Let u(a) = -a - 2*a - 6*a. Let b be u(-7). Calculate the greatest common divisor of b and q.
7
Suppose 0 = -4*v - 3*m + 52, 0 = 3*v - 2*m - 36 - 3. What is the greatest common divisor of v and 156?
13
Let n = 8 + -13. Let k = 11 - n. Calculate the greatest common factor of 80 and k.
16
Let d(u) be the second derivative of 0 + 0*u**3 + 1/12*u**4 - u - 3/2*u**2. Let p be d(4). What is the greatest common divisor of p and 26?
13
Let n = -12 + 10. Let t be 1 + (1 - n) + -3. What is the greatest common factor of 1 and t?
1
Let s be ((-84)/15)/(4/(-150)). Suppose -2*l + 6*l = 84. Calculate the greatest common factor of l and s.
21
Let i be 4 + 0 + 1/(-1). Suppose 0 = g - i. Suppose a + a = -g*o + 29, 0 = -3*o + 3*a + 9. Calculate the greatest common factor of o and 1.
1
Let v(r) = r**3 + 4*r**2 + 7*r - 1. Let h be v(5). Calculate the highest common factor of 37 and h.
37
Let t be (22 + -1)*2/6. What is the greatest common factor of t and 112?
7
Let p be 52/2 - (3 + 1). Calculate the greatest common factor of p and 33.
11
Suppose 3*d + 3*u - 63 = 0, 0*d - 47 = -2*d + 3*u. Suppose -4*w = 2*c - 8, -4*w - 4*c = -0*c - 8. What is the highest common divisor of w and d?
2
Suppose -2*g + 160 = 5*p + g, 0 = 5*g. What is the highest common factor of 32 and p?
32
Let x = 217 - 127. Calculate the highest common factor of 10 and x.
10
Let b = 6 - 1. Let s = 15 - 4. Suppose 3*t - s = -j, -j = -5*t - b*j + 30. What is the highest common divisor of 3 and t?
1
Let l(q) = q**2 + 3*q + 13. Let n be l(-4). What is the greatest common divisor of n and 68?
17
Let g = 13 + -11. Suppose 3*y - 26 = g*y. Let f = -106 + 171. Calculate the greatest common divisor of f and y.
13
Let d = 7 + -2. Suppose -3*l = -3 - 27. What is the highest common divisor of d and l?
5
Suppose -2*t - 2*r + 6*r = -10, -5*t = -5*r - 15. Suppose t - 4 = -d. Calculate the highest common factor of 21 and d.
3
Let r = 18 - -2. Calculate the highest common factor of r and 180.
20
Suppose r = 4 + 4. Suppose x + r = 2*x. Calculate the highest common divisor of x and 4.
4
Let y be 4*(-266)/(-49) + (-2)/(-7). Suppose 0 = -4*h - 4*d + 428, 0*d - d + 217 = 2*h. What is the highest common factor of y and h?
22
Let z(f) = -2 + 0*f + f + 4. Let h be z(2). Suppose -l - 72 = -3*l. Calculate the greatest common divisor of l and h.
4
Suppose -2*o = -3*m + o + 24, -2*o = -6. What is the highest common divisor of m and 55?
11
Suppose -25 = -4*q + 11. Calculate the highest common divisor of 9 and q.
9
Let d = 21 - 23. Let o = 12 + d. Calculate the greatest common factor of o and 90.
10
Let z = 51 - 29. Calculate the highest common divisor of 11 and z.
11
Let k = 2 + 3. Suppose 0 = -v - k + 115. What is the highest common divisor of 10 and v?
10
Let m be (1/(-3))/((-4)/96*1). What is the highest common divisor of m and 8?
8
Suppose -4*p + 72 = o, -112 - 126 = -3*o - p. Suppose 32 = -0*a + 4*a. Let g = a + 2. Calculate the greatest common divisor of g and o.
10
Let n be 6/(-4)*(-6)/(-9). Let y be 1 - n - 1/1. Suppose -y = -b + 7. What is the highest common factor of b and 88?
8
Suppose 7*x = -3*x + 130. What is the greatest common divisor of x and 169?
13
Let b = 15 + -9. Suppose -v + 2*v = -a + 54, a = 3*v - 174. Suppose -5*l = 15, l - v = -2*s - 0*l. What is the greatest common factor of b and s?
6
Let k be (-28)/(-42) - 14/(-6). Suppose 1 = -k*d + 31. Let b be (-3 + 1)*5/(-2). Calculate the highest common divisor of b and d.
5
Let o be 2 + (-20)/5 - -12. What is the highest common divisor of 25 and o?
5
Let s(a) = a**3 - 3*a**2 + 2*a - 1. Let u be s(1). Let k be (-1)/(u/3) - -46. Calculate the greatest common factor of 7 and k.
7
Let c be 3/2 + 747/6. What is the greatest common factor of c and 18?
18
Let o = -77 - -135. What is the highest common factor of o and 29?
29
Suppose s + 84 = 4*s. Let i = s + -20. What is the highest common divisor of 4 and i?
4
Let f = 5 + -3. Let h = 13 - 10. Suppose -h = -2*v + 5. Calculate the highest common divisor of v and f.
2
Suppose 0 = -2*i - 4*k - 15 + 1, -5*i + 3*k + 17 = 0. Calculate the highest common factor of i and 13.
1
Suppose -v - 5*x = 7, -4*v - 6*x + x = -2. Suppose 0*q = 4*q - 92. Let g = 32 - q. Calculate the greatest common factor of g and v.
3
Let c(m) = 5*m + 5. Suppose -b - 4 = -5*b + 4*l, -4*l = 5*b - 41. Let z be c(b). Calculate the highest common divisor of z and 6.
6
Suppose -2*q - 36 = -106. Calculate the highest common divisor of 28 and q.
7
Let o be (2 + 5/1)*-1. Let l = o + 14. Let j = l + -2. Calculate the greatest common factor of j and 10.
5
Let d be (1/(-2) + 0)*2. Let t = d - -4. Suppose -3*x + 0*x + 33 = 2*z, z = -t*x + 15. What is the highest common divisor of 6 and z?
6
Let s be (-82)/(-4) - (-7)/(-14). Calculate the highest common divisor of 100 and s.
20
Let t(r) = r**3 - 2*r + 1. Let m be t(2). Suppose m*s - 10 = b + b, -4*s - b = -8. Suppose -s = -a - a. What is the highest common divisor of 7 and a?
1
Let d = 40 + -32. Let r(j) = 2*j**2 + j + 1. Let g be r(-1). Suppose -c + d - g = 0. What is the highest common divisor of 6 and c?
6
Suppose 0 = -5*z + 3*k + 86, -4*z - 7*k + 54 = -2*k. Suppose -2*w - 3*x + 253 = 0, -4*w + 3*w = -2*x - 130. Calculate the greatest common factor of z and w.
16
Let q be -1 + -2*6/(-4). Let f be 2/(-12) - (-44)/(-24). Let b be f + 4 - 0/q. What is the greatest common divisor of b and 5?
1
Let q = -164 - -240. Let n(y) = -y**2 + 9*y + 11. Let p be n(8). What is the greatest common divisor of p and q?
19
Let t be -42*1*(0 + -1). Let n(v) be the first derivative of -13*v**2/2 + v - 2. Let j be n(-1). Calculate the highest common divisor of j and t.
14
Suppose 2*o = -4*q + 2, -q - 9 = 5*o - 59. Let z be (-3)/2 - (-2)/(-4). Let t be (1/(-2))/(z/308). Calculate the highest common factor of o and t.
11
Let f be (-1)/((-1)/(-1))*-1. Let i be 68 - 2*(f - 3). Calculate the highest common factor of 8 and i.
8
Suppose 2*u = -4*j + 114, 2*u - 69 = -0*j + 5*j. Let z = -25 + u. Calculate the greatest common divisor of 2 and z.
2
Suppose -2*z - 8 = -6*z. Let d = -89 - -94. Calculate the highest common divisor of z and d.
1
Suppose -3 + 0 = -l. Suppose -4 = -q - l. Let m be 1 + q + -1 - -5. Calculate the highest common factor of m and 9.
3
Let w(j) = 2*j**2 - 15*j + 23. Let a be w(11). What is the greatest common divisor of 40 and a?
20
Let w be (-2)/(-3) - 1420/(-12). Let u = 196 - w. Calculate the greatest common factor of 7 and u.
7
Let k = 9 - -1